.
3, 11, 67
List the prime factors of 85339.
61, 1399
What are the prime factors of 5226?
2, 3, 13, 67
List the prime factors of 542.
2, 271
What are the prime factors of 1601?
1601
List the prime factors of 264.
2, 3, 11
List the prime factors of 3036.
2, 3, 11, 23
List the prime factors of 9899.
19, 521
What are the prime factors of 976?
2, 61
List the prime factors of 292.
2, 73
List the prime factors of 27360.
2, 3, 5, 19
What are the prime factors of 74511?
3, 17, 487
List the prime factors of 33066.
2, 3, 11, 167
List the prime factors of 1884.
2, 3, 157
List the prime factors of 2604.
2, 3, 7, 31
List the prime factors of 1561.
7, 223
List the prime factors of 23593.
23593
List the prime factors of 7818.
2, 3, 1303
What are the prime factors of 1111?
11, 101
What are the prime factors of 38509?
97, 397
What are the prime factors of 1347?
3, 449
List the prime factors of 18970.
2, 5, 7, 271
List the prime factors of 110029.
19, 5791
List the prime factors of 4064.
2, 127
List the prime factors of 24972.
2, 3, 2081
What are the prime factors of 4748?
2, 1187
List the prime factors of 6351.
3, 29, 73
List the prime factors of 19647.
3, 37, 59
What are the prime factors of 5256?
2, 3, 73
What are the prime factors of 2080?
2, 5, 13
List the prime factors of 1676.
2, 419
List the prime factors of 9152.
2, 11, 13
List the prime factors of 803.
11, 73
What are the prime factors of 519?
3, 173
What are the prime factors of 17498?
2, 13, 673
List the prime factors of 1820.
2, 5, 7, 13
What are the prime factors of 128036?
2, 32009
What are the prime factors of 18246?
2, 3, 3041
What are the prime factors of 742?
2, 7, 53
List the prime factors of 83.
83
What are the prime factors of 7742?
2, 7, 79
List the prime factors of 19.
19
List the prime factors of 1684.
2, 421
What are the prime factors of 94550?
2, 5, 31, 61
List the prime factors of 1026.
2, 3, 19
List the prime factors of 2541.
3, 7, 11
List the prime factors of 5424.
2, 3, 113
What are the prime factors of 774?
2, 3, 43
What are the prime factors of 19274?
2, 23, 419
What are the prime factors of 1266?
2, 3, 211
What are the prime factors of 134755?
5, 26951
What are the prime factors of 22592?
2, 353
What are the prime factors of 362?
2, 181
What are the prime factors of 4909?
4909
What are the prime factors of 9057?
3, 3019
List the prime factors of 28300.
2, 5, 283
What are the prime factors of 21996?
2, 3, 13, 47
List the prime factors of 124.
2, 31
What are the prime factors of 83637?
3, 9293
List the prime factors of 1472.
2, 23
What are the prime factors of 50010?
2, 3, 5, 1667
What are the prime factors of 1746?
2, 3, 97
List the prime factors of 2287.
2287
List the prime factors of 70324.
2, 17581
What are the prime factors of 11601?
3, 1289
What are the prime factors of 957?
3, 11, 29
What are the prime factors of 45063?
3, 1669
List the prime factors of 496.
2, 31
What are the prime factors of 30072?
2, 3, 7, 179
What are the prime factors of 7325?
5, 293
List the prime factors of 181160.
2, 5, 7, 647
What are the prime factors of 1224?
2, 3, 17
What are the prime factors of 13930?
2, 5, 7, 199
What are the prime factors of 101757?
3, 107, 317
What are the prime factors of 3577?
7, 73
List the prime factors of 3244.
2, 811
What are the prime factors of 58?
2, 29
List the prime factors of 51226.
2, 7, 3659
List the prime factors of 9088.
2, 71
List the prime factors of 1029.
3, 7
What are the prime factors of 33446?
2, 7, 2389
List the prime factors of 606.
2, 3, 101
List the prime factors of 60937.
60937
List the prime factors of 117353.
117353
What are the prime factors of 10372?
2, 2593
List the prime factors of 817.
19, 43
What are the prime factors of 68944?
2, 31, 139
What are the prime factors of 1477?
7, 211
What are the prime factors of 350?
2, 5, 7
List the prime factors of 23043.
3, 7681
What are the prime factors of 3304?
2, 7, 59
List the prime factors of 876.
2, 3, 73
List the prime factors of 527.
17, 31
List the prime factors of 11038.
2, 5519
List the prime factors of 1374.
2, 3, 229
What are the prime factors of 112672?
2, 7, 503
List the prime factors of 8008.
2, 7, 11, 13
What are the prime factors of 29537?
29537
List the prime factors of 717.
3, 239
List the prime factors of 17890.
2, 5, 1789
What are the prime factors of 7274?
2, 3637
List the prime factors of 17674.
2, 8837
List the prime factors of 1342.
2, 11, 61
List the prime factors of 30107.
7, 11, 17, 23
What are the prime factors of 57?
3, 19
List the prime factors of 5890.
2, 5, 19, 31
What are the prime factors of 68442?
2, 3, 11, 17, 61
List the prime factors of 1093.
1093
List the prime factors of 88320.
2, 3, 5, 23
List the prime factors of 902.
2, 11, 41
What are the prime factors of 833?
7, 17
List the prime factors of 5823.
3, 647
List the prime factors of 1309.
7, 11, 17
What are the prime factors of 123898?
2, 61949
What are the prime factors of 18442?
2, 9221
What are the prime factors of 28473?
3, 9491
What are the prime factors of 715?
5, 11, 13
What are the prime factors of 5489?
11, 499
List the prime factors of 2259.
3, 251
What are the prime factors of 31123?
31123
What are the prime factors of 14879?
14879
List the prime factors of 577.
577
List the prime factors of 55187.
11, 29, 173
What are the prime factors of 9543?
3, 3181
List the prime factors of 4191.
3, 11, 127
What are the prime factors of 1218?
2, 3, 7, 29
What are the prime factors of 6422?
2, 13, 19
List the prime factors of 356.
2, 89
List the prime factors of 692.
2, 173
List the prime factors of 3180.
2, 3, 5, 53
What are the prime factors of 477?
3, 53
List the prime factors of 5947.
19, 313
List the prime factors of 976.
2, 61
What are the prime factors of 955?
5, 191
What are the prime factors of 2064?
2, 3, 43
List the prime factors of 953.
953
What are the prime factors of 77879?
47, 1657
What are the prime factors of 5930?
2, 5, 593
List the prime factors of 1195.
5, 239
List the prime factors of 7639.
7639
What are the prime factors of 25432?
2, 11, 17
What are the prime factors of 12484?
2, 3121
List the prime factors of 1041.
3, 347
List the prime factors of 1375.
5, 11
List the prime factors of 10000.
2, 5
What are the prime factors of 18514?
2, 9257
List the prime factors of 2854.
2, 1427
List the prime factors of 6834.
2, 3, 17, 67
What are the prime factors of 30191?
7, 19, 227
What are the prime factors of 6145?
5, 1229
List the prime factors of 655.
5, 131
List the prime factors of 25401.
3, 8467
What are the prime factors of 30978?
2, 3, 1721
List the prime factors of 1083.
3, 19
List the prime factors of 6360.
2, 3, 5, 53
List the prime factors of 1606.
2, 11, 73
What are the prime factors of 1812?
2, 3, 151
List the prime factors of 9779.
7, 11, 127
What are the prime factors of 11035?
5, 2207
What are the prime factors of 1706?
2, 853
What are the prime factors of 7841?
7841
What are the prime factors of 285?
3, 5, 19
What are the prime factors of 235?
5, 47
What are the prime factors of 14690?
2, 5, 13, 113
What are the prime factors of 863?
863
List the prime factors of 11592.
2, 3, 7, 23
List the prime factors of 5423.
11, 17, 29
List the prime factors of 35539.
7, 5077
What are the prime factors of 1624?
2, 7, 29
List the prime factors of 6760.
2, 5, 13
What are the prime factors of 1983?
3, 661
What are the prime factors of 66138?
2, 3, 73, 151
What are the prime factors of 637?
7, 13
What are the prime factors of 1634?
2, 19, 43
List the prime factors of 1032.
2, 3, 43
List the prime factors of 265.
5, 53
List the prime factors of 12055.
5, 2411
What are the prime factors of 284?
2, 71
List the prime factors of 6920.
2, 5, 173
List the prime factors of 9076.
2, 2269
What are the prime factors of 3383?
17, 199
What are the prime factors of 178536?
2, 3, 43, 173
List the prime factors of 4421.
4421
What are the prime factors of 1936?
2, 11
List the prime factors of 40807.
13, 43, 73
List the prime factors of 15551.
15551
What are the prime factors of 13145?
5, 11, 239
List the prime factors of 2611.
7, 373
What are the prime factors of 6891?
3, 2297
What are the prime factors of 6319?
71, 89
List the prime factors of 97849.
97849
List the prime factors of 2816.
2, 11
List the prime